{"id":570,"date":"2020-04-26T16:05:48","date_gmt":"2020-04-26T16:05:48","guid":{"rendered":"http:\/\/www.sajoecseg.hu\/kozseg\/?page_id=570"},"modified":"2025-01-11T22:34:07","modified_gmt":"2025-01-11T20:34:07","slug":"kezdolap","status":"publish","type":"page","link":"http:\/\/www.sajoecseg.hu\/kozseg\/","title":{"rendered":"Bemutatkoz\u00e1s"},"content":{"rendered":"<p>[et_pb_section fb_built=&#8221;1&#8243; specialty=&#8221;on&#8221; background_video_mp4_1=&#8221;http:\/\/www.sajoecseg.hu\/kozseg\/wp-content\/uploads\/2020\/04\/dronika.mp4&#8243; _builder_version=&#8221;4.19.4&#8243; _module_preset=&#8221;default&#8221; background_video_mp4=&#8221;http:\/\/www.sajoecseg.hu\/kozseg\/wp-content\/uploads\/2020\/04\/dronika.mp4&#8243; global_colors_info=&#8221;{}&#8221;][et_pb_column type=&#8221;3_4&#8243; specialty_columns=&#8221;3&#8243; _builder_version=&#8221;4.16&#8243; custom_padding=&#8221;|||&#8221; global_colors_info=&#8221;{}&#8221; custom_padding__hover=&#8221;|||&#8221;][\/et_pb_column][et_pb_column type=&#8221;1_4&#8243; _builder_version=&#8221;4.16&#8243; custom_padding=&#8221;|||&#8221; global_colors_info=&#8221;{}&#8221; custom_padding__hover=&#8221;|||&#8221;][et_pb_image src=&#8221;http:\/\/www.sajoecseg.hu\/kozseg\/wp-content\/uploads\/2020\/10\/MFP_logo_RGB-289&#215;300-1.png&#8221; title_text=&#8221;MFP_logo_RGB-289&#215;300&#8243; url=&#8221;@ET-DC@eyJkeW5hbWljIjp0cnVlLCJjb250ZW50IjoicG9zdF9saW5rX3VybF9wb3N0Iiwic2V0dGluZ3MiOnsicG9zdF9pZCI6IjY5OSJ9fQ==@&#8221; align=&#8221;center&#8221; _builder_version=&#8221;4.27.0&#8243; _dynamic_attributes=&#8221;url&#8221; _module_preset=&#8221;default&#8221; positioning=&#8221;fixed&#8221; position_origin_f=&#8221;top_right&#8221; vertical_offset=&#8221;83px&#8221; width=&#8221;10%&#8221; max_width=&#8221;10%&#8221; min_height=&#8221;89.2px&#8221; custom_padding=&#8221;||0px|||&#8221; animation_style=&#8221;fade&#8221; animation_delay=&#8221;450ms&#8221; animation_speed_curve=&#8221;ease-in&#8221; global_colors_info=&#8221;{}&#8221;][\/et_pb_image][et_pb_image src=&#8221;http:\/\/www.sajoecseg.hu\/kozseg\/wp-content\/uploads\/2023\/01\/image008.png&#8221; title_text=&#8221;image008&#8243; url=&#8221;@ET-DC@eyJkeW5hbWljIjp0cnVlLCJjb250ZW50IjoicG9zdF9saW5rX3VybF9wb3N0Iiwic2V0dGluZ3MiOnsicG9zdF9pZCI6IjIxNjUifX0=@&#8221; _builder_version=&#8221;4.27.0&#8243; _dynamic_attributes=&#8221;url&#8221; _module_preset=&#8221;default&#8221; positioning=&#8221;fixed&#8221; position_origin_f=&#8221;top_right&#8221; width=&#8221;20%&#8221; max_width=&#8221;20%&#8221; global_colors_info=&#8221;{}&#8221;][\/et_pb_image][\/et_pb_column][\/et_pb_section][et_pb_section fb_built=&#8221;1&#8243; admin_label=&#8221;About&#8221; _builder_version=&#8221;4.16&#8243; custom_padding=&#8221;18px|0px|90px|0px||&#8221; global_colors_info=&#8221;{}&#8221;][et_pb_row column_structure=&#8221;1_2,1_2&#8243; custom_padding_last_edited=&#8221;on|tablet&#8221; admin_label=&#8221;Nutrtion Plan Row&#8221; _builder_version=&#8221;4.16&#8243; background_color=&#8221;#f9f2f2&#8243; custom_margin=&#8221;|||&#8221; custom_padding=&#8221;0px|0px|13px|0px||&#8221; custom_padding_tablet=&#8221;0px||0px|&#8221; custom_padding_phone=&#8221;&#8221; box_shadow_style=&#8221;preset4&#8243; box_shadow_horizontal=&#8221;0px&#8221; box_shadow_vertical=&#8221;100px&#8221; box_shadow_color=&#8221;#ffffff&#8221; box_shadow_position=&#8221;inner&#8221; global_colors_info=&#8221;{}&#8221;][et_pb_column type=&#8221;1_2&#8243; _builder_version=&#8221;4.16&#8243; custom_padding=&#8221;130px|30px||50px&#8221; custom_padding_tablet=&#8221;130px|50px||50px&#8221; custom_padding_phone=&#8221;&#8221; custom_padding_last_edited=&#8221;on|desktop&#8221; global_colors_info=&#8221;{}&#8221; padding_tablet=&#8221;130px|50px||50px&#8221; padding_last_edited=&#8221;on|desktop&#8221; custom_padding__hover=&#8221;|||&#8221; padding_phone=&#8221;130px|50px||50px&#8221;][et_pb_text admin_label=&#8221;Title&#8221; _builder_version=&#8221;4.16&#8243; text_font=&#8221;||||||||&#8221; header_font=&#8221;||||||||&#8221; header_2_font=&#8221;Cormorant Garamond|600|||||||&#8221; header_2_font_size=&#8221;36px&#8221; header_2_line_height=&#8221;1.4em&#8221; custom_margin=&#8221;||9px|||&#8221; animation_style=&#8221;fold&#8221; animation_direction=&#8221;left&#8221; animation_intensity_fold=&#8221;5%&#8221; animation_starting_opacity=&#8221;100%&#8221; global_colors_info=&#8221;{}&#8221;]<\/p>\n<h2>Bemutatkoz\u00e1s<\/h2>\n<p>[\/et_pb_text][et_pb_text _builder_version=&#8221;4.16&#8243; text_font=&#8221;Cormorant Garamond|500|||||||&#8221; text_text_color=&#8221;#1e1e1e&#8221; text_font_size=&#8221;20px&#8221; text_line_height=&#8221;1.8em&#8221; header_font=&#8221;||||||||&#8221; custom_padding=&#8221;||0px|||&#8221; animation_style=&#8221;fold&#8221; animation_intensity_fold=&#8221;5%&#8221; animation_starting_opacity=&#8221;100%&#8221; global_colors_info=&#8221;{}&#8221;]<\/p>\n<h1 class=\"entry-title main_title\"><\/h1>\n<div class=\"entry-content\">\n<p>Szeretettel k\u00f6sz\u00f6ntj\u00fck Saj\u00f3ecseg meg\u00fajult weboldal\u00e1n.<\/p>\n<div class=\"wp-block-group\">\n<div class=\"wp-block-group__inner-container\">\n<blockquote class=\"wp-block-quote\"><p>Els\u0151dleges c\u00e9lunk, hogy a k\u00f6zs\u00e9g\u00fcnk\u00f6n \u00e9l\u0151, k\u00f6zs\u00e9g\u00fcnk \u00e9lete ut\u00e1n \u00e9rdekl\u0151d\u0151 polg\u00e1rok megfelel\u0151 t\u00e1j\u00e9koztat\u00e1st kapjanak a mindennapi \u00e9let\u00fcnkb\u0151l. Minket \u00e9rint\u0151 ak\u00e1r pozit\u00edvan, ak\u00e1r negat\u00edvan \u00e9rint\u0151 helyzetekr\u0151l, esem\u00e9nyekr\u0151l.<\/p><\/blockquote>\n<\/div>\n<\/div>\n<p>\u2026 \u00edgy mi minden tal\u00e1lhat\u00f3 meg az oldalon?<\/p>\n<blockquote class=\"wp-block-quote\"><p>Rem\u00e9lhet\u0151leg a napi, \u00e9s legfrissebb inform\u00e1ci\u00f3k mellett sz\u00e1mos m\u00e1r v\u00e9grehajtott, vagy el\u0151retekintve a j\u00f6v\u0151ben v\u00e9grehajt\u00e1sra tervezett feladatok is mind-mind megjelennek az oldalon.<\/p><\/blockquote>\n<p>Minden tan\u00e1cs, adat, inform\u00e1ci\u00f3, ami ak\u00e1r a weboldal tartalm\u00e1val, ak\u00e1r kin\u00e9zet\u00e9vel kapcsolatosan \u00f6tletk\u00e9nt felmer\u00fcl, azt sz\u00edvesen fogadjuk.<\/p>\n<\/div>\n<p>[\/et_pb_text][\/et_pb_column][et_pb_column type=&#8221;1_2&#8243; _builder_version=&#8221;4.16&#8243; custom_padding=&#8221;|30px||&#8221; custom_padding_tablet=&#8221;|0px||&#8221; custom_padding_phone=&#8221;&#8221; custom_padding_last_edited=&#8221;on|desktop&#8221; global_colors_info=&#8221;{}&#8221; padding_tablet=&#8221;|0px||&#8221; padding_last_edited=&#8221;on|desktop&#8221; custom_padding__hover=&#8221;|||&#8221; padding_phone=&#8221;|0px||&#8221;][et_pb_image src=&#8221;http:\/\/www.sajoecseg.hu\/kozseg\/wp-content\/uploads\/2025\/01\/462543297_522147683782708_2917543230796475568_n.jpg&#8221; title_text=&#8221;462543297_522147683782708_2917543230796475568_n&#8221; force_fullwidth=&#8221;on&#8221; _builder_version=&#8221;4.27.4&#8243; min_height=&#8221;303px&#8221; custom_margin=&#8221;77px|||||&#8221; hover_enabled=&#8221;0&#8243; always_center_on_mobile=&#8221;off&#8221; global_colors_info=&#8221;{}&#8221; sticky_enabled=&#8221;0&#8243;][\/et_pb_image][\/et_pb_column][\/et_pb_row][\/et_pb_section][et_pb_section fb_built=&#8221;1&#8243; admin_label=&#8221;News&#8221; _builder_version=&#8221;4.16&#8243; custom_margin=&#8221;|||&#8221; custom_padding=&#8221;13px||18px|||&#8221; global_colors_info=&#8221;{}&#8221;][et_pb_row _builder_version=&#8221;4.16&#8243; custom_margin=&#8221;|||&#8221; global_colors_info=&#8221;{}&#8221;][et_pb_column type=&#8221;4_4&#8243; _builder_version=&#8221;4.16&#8243; custom_padding=&#8221;|||&#8221; global_colors_info=&#8221;{}&#8221; custom_padding__hover=&#8221;|||&#8221;][et_pb_text admin_label=&#8221;Title&#8221; _builder_version=&#8221;4.16&#8243; text_font=&#8221;||||||||&#8221; header_font=&#8221;||||||||&#8221; header_2_font=&#8221;Cormorant Garamond|500|||||||&#8221; header_2_text_color=&#8221;#1e1e1e&#8221; header_2_font_size=&#8221;36px&#8221; text_orientation=&#8221;center&#8221; custom_margin=&#8221;||15px|&#8221; animation_style=&#8221;fade&#8221; global_colors_info=&#8221;{}&#8221;]<\/p>\n<h2>Legutols\u00f3 bejegyz\u00e9sek<\/h2>\n<p>[\/et_pb_text][et_pb_divider color=&#8221;#cccccc&#8221; divider_weight=&#8221;2px&#8221; _builder_version=&#8221;4.16&#8243; max_width=&#8221;80px&#8221; max_width_tablet=&#8221;100px&#8221; max_width_phone=&#8221;100px&#8221; max_width_last_edited=&#8221;off|desktop&#8221; module_alignment=&#8221;center&#8221; animation_style=&#8221;fade&#8221; global_colors_info=&#8221;{}&#8221;][\/et_pb_divider][\/et_pb_column][\/et_pb_row][et_pb_row use_custom_gutter=&#8221;on&#8221; gutter_width=&#8221;2&#8243; _builder_version=&#8221;4.16&#8243; global_colors_info=&#8221;{}&#8221;][et_pb_column type=&#8221;4_4&#8243; _builder_version=&#8221;4.16&#8243; custom_padding=&#8221;|||&#8221; global_colors_info=&#8221;{}&#8221; custom_padding__hover=&#8221;|||&#8221;][et_pb_blog fullwidth=&#8221;off&#8221; posts_number=&#8221;3&#8243; include_categories=&#8221;73&#8243; show_pagination=&#8221;off&#8221; _builder_version=&#8221;4.16&#8243; header_font=&#8221;Cormorant Garamond|600|||||||&#8221; header_font_size=&#8221;26px&#8221; header_line_height=&#8221;1.3em&#8221; body_font=&#8221;Cormorant Garamond|500|||||||&#8221; body_font_size=&#8221;20px&#8221; body_line_height=&#8221;1.8em&#8221; meta_font=&#8221;Montserrat||||||||&#8221; meta_text_color=&#8221;#ff7864&#8243; pagination_font=&#8221;||||||||&#8221; custom_margin=&#8221;|||&#8221; custom_padding=&#8221;|||&#8221; animation_style=&#8221;fade&#8221; border_color_all=&#8221;#e0e0e0&#8243; global_colors_info=&#8221;{}&#8221;][\/et_pb_blog][\/et_pb_column][\/et_pb_row][\/et_pb_section]<\/p>\n","protected":false},"excerpt":{"rendered":"<p>Bemutatkoz\u00e1s Szeretettel k\u00f6sz\u00f6ntj\u00fck Saj\u00f3ecseg meg\u00fajult weboldal\u00e1n. Els\u0151dleges c\u00e9lunk, hogy a k\u00f6zs\u00e9g\u00fcnk\u00f6n \u00e9l\u0151, k\u00f6zs\u00e9g\u00fcnk \u00e9lete ut\u00e1n \u00e9rdekl\u0151d\u0151 polg\u00e1rok megfelel\u0151 t\u00e1j\u00e9koztat\u00e1st kapjanak a mindennapi \u00e9let\u00fcnkb\u0151l. Minket \u00e9rint\u0151 ak\u00e1r pozit\u00edvan, ak\u00e1r negat\u00edvan \u00e9rint\u0151 helyzetekr\u0151l, esem\u00e9nyekr\u0151l. \u2026 \u00edgy mi minden tal\u00e1lhat\u00f3 meg az oldalon? Rem\u00e9lhet\u0151leg a napi, \u00e9s legfrissebb inform\u00e1ci\u00f3k mellett sz\u00e1mos m\u00e1r v\u00e9grehajtott, vagy el\u0151retekintve a j\u00f6v\u0151ben v\u00e9grehajt\u00e1sra [&hellip;]<\/p>\n","protected":false},"author":1,"featured_media":0,"parent":0,"menu_order":0,"comment_status":"closed","ping_status":"closed","template":"","meta":{"_et_pb_use_builder":"on","_et_pb_old_content":"<p>[et_pb_section fb_built=\"1\" custom_padding_last_edited=\"off|desktop\" admin_label=\"Hero\" _builder_version=\"4.4.4\" background_color_gradient_direction=\"90deg\" background_enable_image=\"off\" background_video_mp4=\"http:\/\/www.sajoecseg.hu\/kozseg\/wp-content\/uploads\/2020\/04\/dronika.mp4\" background_enable_video_webm=\"off\" background_video_pause_outside_viewport=\"off\" custom_padding=\"0.1%||0.5%|||\" hover_enabled=\"0\" title_text=\"dronika\"][et_pb_row _builder_version=\"4.4.4\" background_size=\"initial\" background_position=\"top_left\" background_repeat=\"repeat\" min_height=\"420px\" custom_margin=\"|||\" animation_style=\"zoom\" animation_intensity_zoom=\"4%\" hover_enabled=\"0\" custom_padding=\"0px||0px|||\"][et_pb_column type=\"4_4\" _builder_version=\"3.25\" custom_padding=\"|||\" custom_padding__hover=\"|||\"][et_pb_text admin_label=\"Title\" _builder_version=\"4.4.4\" text_font=\"||||||||\" header_font=\"Cormorant Garamond|700|||||||\" header_font_size=\"64px\" background_layout=\"dark\" max_width=\"600px\" animation_style=\"fold\" animation_direction=\"bottom\" animation_delay=\"50ms\" animation_intensity_fold=\"30%\" animation_starting_opacity=\"100%\" hover_enabled=\"0\" custom_margin=\"||-10px|||\" custom_padding=\"|||66px||\"]<\/p><h1><span style=\"color: #ff0000;\">Saj\u00f3ecseg<\/span><\/h1><p>[\/et_pb_text][\/et_pb_column][\/et_pb_row][\/et_pb_section][et_pb_section fb_built=\"1\" admin_label=\"About\" _builder_version=\"3.22\" custom_padding=\"18px|0px|90px|0px||\"][et_pb_row column_structure=\"1_2,1_2\" custom_padding_last_edited=\"on|tablet\" admin_label=\"Nutrtion Plan Row\" _builder_version=\"3.25\" background_color=\"#f9f2f2\" custom_margin=\"|||\" custom_padding=\"0px|0px|13px|0px||\" custom_padding_tablet=\"0px||0px|\" custom_padding_phone=\"\" box_shadow_style=\"preset4\" box_shadow_horizontal=\"0px\" box_shadow_vertical=\"100px\" box_shadow_color=\"#ffffff\" box_shadow_position=\"inner\"][et_pb_column type=\"1_2\" _builder_version=\"3.25\" custom_padding=\"130px|30px||50px\" custom_padding_tablet=\"130px|50px||50px\" custom_padding_phone=\"\" custom_padding_last_edited=\"on|desktop\" padding_tablet=\"130px|50px||50px\" padding_last_edited=\"on|desktop\" custom_padding__hover=\"|||\"][et_pb_text admin_label=\"Title\" _builder_version=\"3.27.4\" text_font=\"||||||||\" header_font=\"||||||||\" header_2_font=\"Cormorant Garamond|600|||||||\" header_2_font_size=\"36px\" header_2_line_height=\"1.4em\" custom_margin=\"||9px|||\" animation_style=\"fold\" animation_direction=\"left\" animation_intensity_fold=\"5%\" animation_starting_opacity=\"100%\"]<\/p><h2>Bemutatkoz\u00e1s<\/h2><p>[\/et_pb_text][et_pb_text _builder_version=\"3.27.4\" text_font=\"Cormorant Garamond|500|||||||\" text_text_color=\"#1e1e1e\" text_font_size=\"20px\" text_line_height=\"1.8em\" header_font=\"||||||||\" custom_padding=\"||0px|||\" animation_style=\"fold\" animation_intensity_fold=\"5%\" animation_starting_opacity=\"100%\"]<\/p><h1 class=\"entry-title main_title\">\u00a0<\/h1><div class=\"entry-content\"><p>Szeretettel k\u00f6sz\u00f6ntj\u00fck Saj\u00f3ecseg meg\u00fajult weboldal\u00e1n.<\/p><div class=\"wp-block-group\"><div class=\"wp-block-group__inner-container\"><blockquote class=\"wp-block-quote\"><p>Els\u0151dleges c\u00e9lunk, hogy a k\u00f6zs\u00e9g\u00fcnk\u00f6n \u00e9l\u0151, k\u00f6zs\u00e9g\u00fcnk \u00e9lete ut\u00e1n \u00e9rdekl\u0151d\u0151 polg\u00e1rok megfelel\u0151 t\u00e1j\u00e9koztat\u00e1st kapjanak a mindennapi \u00e9let\u00fcnkb\u0151l. Minket \u00e9rint\u0151 ak\u00e1r pozit\u00edvan, ak\u00e1r negat\u00edvan \u00e9rint\u0151 helyzetekr\u0151l, esem\u00e9nyekr\u0151l.<\/p><\/blockquote><\/div><\/div><p>\u2026 \u00edgy mi minden tal\u00e1lhat\u00f3 meg az oldalon?<\/p><blockquote class=\"wp-block-quote\"><p>Rem\u00e9lhet\u0151leg a napi, \u00e9s legfrissebb inform\u00e1ci\u00f3k mellett sz\u00e1mos m\u00e1r v\u00e9grehajtott, vagy el\u0151retekintve a j\u00f6v\u0151ben v\u00e9grehajt\u00e1sra tervezett feladatok is mind-mind megjelennek az oldalon.<\/p><\/blockquote><p>Minden tan\u00e1cs, adat, inform\u00e1ci\u00f3, ami ak\u00e1r a weboldal tartalm\u00e1val, ak\u00e1r kin\u00e9zet\u00e9vel kapcsolatosan \u00f6tletk\u00e9nt felmer\u00fcl, azt sz\u00edvesen fogadjuk.<\/p><\/div><p>[\/et_pb_text][\/et_pb_column][et_pb_column type=\"1_2\" _builder_version=\"3.25\" custom_padding=\"|30px||\" custom_padding_tablet=\"|0px||\" custom_padding_phone=\"\" custom_padding_last_edited=\"on|desktop\" padding_tablet=\"|0px||\" padding_last_edited=\"on|desktop\" custom_padding__hover=\"|||\"][et_pb_image src=\"http:\/\/www.sajoecseg.hu\/kozseg\/wp-content\/uploads\/2020\/04\/testulet2.jpg\" title_text=\"testulet2\" force_fullwidth=\"on\" _builder_version=\"4.4.4\" min_height=\"303px\" custom_margin=\"77px|||||\" always_center_on_mobile=\"off\"][\/et_pb_image][\/et_pb_column][\/et_pb_row][\/et_pb_section][et_pb_section fb_built=\"1\" admin_label=\"News\" _builder_version=\"3.22\" custom_margin=\"|||\" custom_padding=\"13px||18px|||\"][et_pb_row _builder_version=\"3.25\" custom_margin=\"|||\"][et_pb_column type=\"4_4\" _builder_version=\"3.25\" custom_padding=\"|||\" custom_padding__hover=\"|||\"][et_pb_text admin_label=\"Title\" _builder_version=\"3.27.4\" text_font=\"||||||||\" header_font=\"||||||||\" header_2_font=\"Cormorant Garamond|500|||||||\" header_2_text_color=\"#1e1e1e\" header_2_font_size=\"36px\" text_orientation=\"center\" custom_margin=\"||15px|\" animation_style=\"fade\"]<\/p><h2>Legutols\u00f3 bejegyz\u00e9sek<\/h2><p>[\/et_pb_text][et_pb_divider color=\"#cccccc\" divider_weight=\"2px\" _builder_version=\"3.2\" max_width=\"80px\" max_width_tablet=\"100px\" max_width_phone=\"100px\" max_width_last_edited=\"off|desktop\" module_alignment=\"center\" animation_style=\"fade\"][\/et_pb_divider][\/et_pb_column][\/et_pb_row][et_pb_row use_custom_gutter=\"on\" gutter_width=\"2\" _builder_version=\"3.25\"][et_pb_column type=\"4_4\" _builder_version=\"3.25\" custom_padding=\"|||\" custom_padding__hover=\"|||\"][et_pb_blog fullwidth=\"off\" posts_number=\"3\" include_categories=\"73\" show_pagination=\"off\" _builder_version=\"3.0.105\" header_font=\"Cormorant Garamond|600|||||||\" header_font_size=\"26px\" header_line_height=\"1.3em\" body_font=\"Cormorant Garamond|500|||||||\" body_font_size=\"20px\" body_line_height=\"1.8em\" meta_font=\"Montserrat||||||||\" meta_text_color=\"#ff7864\" pagination_font=\"||||||||\" custom_margin=\"|||\" custom_padding=\"|||\" animation_style=\"fade\" border_color_all=\"#e0e0e0\"][\/et_pb_blog][\/et_pb_column][\/et_pb_row][\/et_pb_section]<\/p>","_et_gb_content_width":"","footnotes":""},"class_list":["post-570","page","type-page","status-publish","hentry"],"_links":{"self":[{"href":"http:\/\/www.sajoecseg.hu\/kozseg\/wp-json\/wp\/v2\/pages\/570","targetHints":{"allow":["GET"]}}],"collection":[{"href":"http:\/\/www.sajoecseg.hu\/kozseg\/wp-json\/wp\/v2\/pages"}],"about":[{"href":"http:\/\/www.sajoecseg.hu\/kozseg\/wp-json\/wp\/v2\/types\/page"}],"author":[{"embeddable":true,"href":"http:\/\/www.sajoecseg.hu\/kozseg\/wp-json\/wp\/v2\/users\/1"}],"replies":[{"embeddable":true,"href":"http:\/\/www.sajoecseg.hu\/kozseg\/wp-json\/wp\/v2\/comments?post=570"}],"version-history":[{"count":19,"href":"http:\/\/www.sajoecseg.hu\/kozseg\/wp-json\/wp\/v2\/pages\/570\/revisions"}],"predecessor-version":[{"id":2596,"href":"http:\/\/www.sajoecseg.hu\/kozseg\/wp-json\/wp\/v2\/pages\/570\/revisions\/2596"}],"wp:attachment":[{"href":"http:\/\/www.sajoecseg.hu\/kozseg\/wp-json\/wp\/v2\/media?parent=570"}],"curies":[{"name":"wp","href":"https:\/\/api.w.org\/{rel}","templated":true}]}}