{"id":400,"date":"2020-04-14T16:52:24","date_gmt":"2020-04-14T16:52:24","guid":{"rendered":"http:\/\/www.sajoecseg.hu\/kozseg\/?page_id=400"},"modified":"2024-03-12T07:12:22","modified_gmt":"2024-03-12T07:12:22","slug":"orvosi","status":"publish","type":"page","link":"http:\/\/www.sajoecseg.hu\/kozseg\/orvosi\/","title":{"rendered":"Orvosi rendel\u0151"},"content":{"rendered":"<p>[et_pb_section fb_built=&#8221;1&#8243; _builder_version=&#8221;4.16&#8243; global_colors_info=&#8221;{}&#8221;][et_pb_row column_structure=&#8221;1_3,2_3&#8243; _builder_version=&#8221;4.16&#8243; custom_padding=&#8221;8px|||||&#8221; global_colors_info=&#8221;{}&#8221;][et_pb_column type=&#8221;1_3&#8243; _builder_version=&#8221;4.16&#8243; global_colors_info=&#8221;{}&#8221;][et_pb_image src=&#8221;http:\/\/www.sajoecseg.hu\/kozseg\/wp-content\/uploads\/2020\/04\/orvosir.jpg&#8221; _builder_version=&#8221;4.16&#8243; custom_padding=&#8221;8px|||||&#8221; global_colors_info=&#8221;{}&#8221;][\/et_pb_image][\/et_pb_column][et_pb_column type=&#8221;2_3&#8243; _builder_version=&#8221;4.16&#8243; global_colors_info=&#8221;{}&#8221;][et_pb_text _builder_version=&#8221;4.16&#8243; global_colors_info=&#8221;{}&#8221;]<\/p>\n<h1><strong><em>Orvosi rendel\u0151<\/em><\/strong><\/h1>\n<p>Sz\u00e9chenyi u. 1.<br \/>Telefon: +3646\/341-310<\/p>\n<p><strong><span style=\"text-decoration: underline;\"><em>Orvos:<\/em><\/span> <\/strong>dr. B\u00e9res Tam\u00e1s<\/p>\n<p><span style=\"text-decoration: underline;\"><em><strong>\u00c1pol\u00f3:<\/strong><\/em><\/span>\u00a0<\/p>\n<p><span style=\"text-decoration: underline;\"><em><strong>V\u00e9d\u0151n\u0151:<\/strong><\/em><\/span> Pusk\u00e1s Kata<br \/>Tan\u00e1csad\u00e1s: Kedd 8:00-10:00<\/p>\n<h4><strong><u>Rendel\u00e9si id\u0151:<\/u><\/strong><strong><u><\/u><\/strong><\/h4>\n<p>H\u00e9tf\u0151 12:00-16:00<br \/>Kedd 7:00-10:00<br \/>Szerda 12:00-15:00<br \/>Cs\u00fct\u00f6rt\u00f6k 7:00-10:00<br \/>P\u00e9ntek 12:00-14:00<\/p>\n<h4><span style=\"font-size: 17px; color: #8e8e8e; font-weight: 500;\">\u00a0<\/span><\/h4>\n<h4><u> Foglalkoz\u00e1s eg\u00e9szs\u00e9g\u00fcgyi rendel\u00e9s<\/u>:<\/h4>\n<h4>Bejelentkez\u00e9s rendel\u00e9si id\u0151ben!<\/h4>\n<h4><b><span style=\"text-decoration: underline;\"><em> Heti 1 alkalommal szerd\u00e1nk\u00e9nt ingyenes minibusz j\u00e1rat indul a Megyei K\u00f3rh\u00e1zba.<\/em> <em>Jelentkezni az \u00d6nkorm\u00e1nyzatban lehet!<\/em><\/span><\/b><\/h4>\n<p>[\/et_pb_text][\/et_pb_column][\/et_pb_row][\/et_pb_section]<\/p>\n","protected":false},"excerpt":{"rendered":"<p>Orvosi rendel\u0151 Sz\u00e9chenyi u. 1.Telefon: +3646\/341-310 Orvos: dr. B\u00e9res Tam\u00e1s \u00c1pol\u00f3:\u00a0 V\u00e9d\u0151n\u0151: Pusk\u00e1s KataTan\u00e1csad\u00e1s: Kedd 8:00-10:00 Rendel\u00e9si id\u0151: H\u00e9tf\u0151 12:00-16:00Kedd 7:00-10:00Szerda 12:00-15:00Cs\u00fct\u00f6rt\u00f6k 7:00-10:00P\u00e9ntek 12:00-14:00 \u00a0 Foglalkoz\u00e1s eg\u00e9szs\u00e9g\u00fcgyi rendel\u00e9s: Bejelentkez\u00e9s rendel\u00e9si id\u0151ben! Heti 1 alkalommal szerd\u00e1nk\u00e9nt ingyenes minibusz j\u00e1rat indul a Megyei K\u00f3rh\u00e1zba. Jelentkezni az \u00d6nkorm\u00e1nyzatban lehet!<\/p>\n","protected":false},"author":1,"featured_media":0,"parent":0,"menu_order":0,"comment_status":"closed","ping_status":"closed","template":"","meta":{"_et_pb_use_builder":"on","_et_pb_old_content":"","_et_gb_content_width":"","footnotes":""},"class_list":["post-400","page","type-page","status-publish","hentry"],"_links":{"self":[{"href":"http:\/\/www.sajoecseg.hu\/kozseg\/wp-json\/wp\/v2\/pages\/400","targetHints":{"allow":["GET"]}}],"collection":[{"href":"http:\/\/www.sajoecseg.hu\/kozseg\/wp-json\/wp\/v2\/pages"}],"about":[{"href":"http:\/\/www.sajoecseg.hu\/kozseg\/wp-json\/wp\/v2\/types\/page"}],"author":[{"embeddable":true,"href":"http:\/\/www.sajoecseg.hu\/kozseg\/wp-json\/wp\/v2\/users\/1"}],"replies":[{"embeddable":true,"href":"http:\/\/www.sajoecseg.hu\/kozseg\/wp-json\/wp\/v2\/comments?post=400"}],"version-history":[{"count":5,"href":"http:\/\/www.sajoecseg.hu\/kozseg\/wp-json\/wp\/v2\/pages\/400\/revisions"}],"predecessor-version":[{"id":2266,"href":"http:\/\/www.sajoecseg.hu\/kozseg\/wp-json\/wp\/v2\/pages\/400\/revisions\/2266"}],"wp:attachment":[{"href":"http:\/\/www.sajoecseg.hu\/kozseg\/wp-json\/wp\/v2\/media?parent=400"}],"curies":[{"name":"wp","href":"https:\/\/api.w.org\/{rel}","templated":true}]}}