{"id":390,"date":"2020-04-14T16:34:30","date_gmt":"2020-04-14T16:34:30","guid":{"rendered":"http:\/\/www.sajoecseg.hu\/kozseg\/?page_id=390"},"modified":"2020-04-14T16:55:32","modified_gmt":"2020-04-14T16:55:32","slug":"ecseg-gyogyszertar","status":"publish","type":"page","link":"http:\/\/www.sajoecseg.hu\/kozseg\/ecseg-gyogyszertar\/","title":{"rendered":"Gy\u00f3gyszert\u00e1r"},"content":{"rendered":"<p>[et_pb_section fb_built=&#8221;1&#8243; _builder_version=&#8221;4.4.3&#8243;][et_pb_row column_structure=&#8221;3_5,2_5&#8243; _builder_version=&#8221;4.4.3&#8243;][et_pb_column type=&#8221;3_5&#8243; _builder_version=&#8221;4.4.3&#8243;][et_pb_text _builder_version=&#8221;4.4.3&#8243;]<\/p>\n<h1><strong><em>Gy\u00f3gyszert\u00e1r<br \/> <\/em><\/strong><\/h1>\n<h4><span style=\"text-decoration: underline;\"><strong><em>Arkangyal Gy\u00f3gyszert\u00e1r fi\u00f3kgy\u00f3gyszert\u00e1ra<\/em><\/strong><\/span><br \/> <span style=\"text-decoration: underline;\"><strong><em> Sz\u00e9chenyi u. 7.<\/em><\/strong><\/span><\/h4>\n<p>Tel: +36 (30) 410 &#8211; 8023<\/p>\n<h4><span style=\"text-decoration: underline;\"><strong><em>Nyitvatart\u00e1s:<\/em><\/strong><\/span><\/h4>\n<p>H\u00e9tf\u0151, szerda:\u00a0\u00a0\u00a0\u00a0 12:30-14:30<br \/> P\u00e9ntek\u00a0\u00a0\u00a0\u00a0\u00a0\u00a0\u00a0\u00a0\u00a0\u00a0\u00a0\u00a0\u00a0\u00a0\u00a0\u00a0\u00a0 12:30-14:00<\/p>\n<p>&nbsp;<\/p>\n<h4><em><span style=\"text-decoration: underline;\"><b> Kedd, cs\u00fct\u00f6rt\u00f6k: z\u00e1rva<\/b><\/span><\/em><\/h4>\n<p>[\/et_pb_text][\/et_pb_column][et_pb_column type=&#8221;2_5&#8243; _builder_version=&#8221;4.4.3&#8243;][et_pb_image src=&#8221;http:\/\/www.sajoecseg.hu\/kozseg\/wp-content\/uploads\/2020\/04\/118254622.jpg&#8221; _builder_version=&#8221;4.4.3&#8243; hover_enabled=&#8221;0&#8243; box_shadow_style=&#8221;preset2&#8243; box_shadow_horizontal=&#8221;26px&#8221; box_shadow_vertical=&#8221;26px&#8221;][\/et_pb_image][\/et_pb_column][\/et_pb_row][\/et_pb_section]<\/p>\n","protected":false},"excerpt":{"rendered":"<p>Gy\u00f3gyszert\u00e1r Arkangyal Gy\u00f3gyszert\u00e1r fi\u00f3kgy\u00f3gyszert\u00e1ra Sz\u00e9chenyi u. 7. Tel: +36 (30) 410 &#8211; 8023 Nyitvatart\u00e1s: H\u00e9tf\u0151, szerda:\u00a0\u00a0\u00a0\u00a0 12:30-14:30 P\u00e9ntek\u00a0\u00a0\u00a0\u00a0\u00a0\u00a0\u00a0\u00a0\u00a0\u00a0\u00a0\u00a0\u00a0\u00a0\u00a0\u00a0\u00a0 12:30-14:00 &nbsp; Kedd, cs\u00fct\u00f6rt\u00f6k: z\u00e1rva<\/p>\n","protected":false},"author":1,"featured_media":0,"parent":0,"menu_order":0,"comment_status":"closed","ping_status":"closed","template":"","meta":{"_et_pb_use_builder":"on","_et_pb_old_content":"","_et_gb_content_width":"","footnotes":""},"class_list":["post-390","page","type-page","status-publish","hentry"],"_links":{"self":[{"href":"http:\/\/www.sajoecseg.hu\/kozseg\/wp-json\/wp\/v2\/pages\/390","targetHints":{"allow":["GET"]}}],"collection":[{"href":"http:\/\/www.sajoecseg.hu\/kozseg\/wp-json\/wp\/v2\/pages"}],"about":[{"href":"http:\/\/www.sajoecseg.hu\/kozseg\/wp-json\/wp\/v2\/types\/page"}],"author":[{"embeddable":true,"href":"http:\/\/www.sajoecseg.hu\/kozseg\/wp-json\/wp\/v2\/users\/1"}],"replies":[{"embeddable":true,"href":"http:\/\/www.sajoecseg.hu\/kozseg\/wp-json\/wp\/v2\/comments?post=390"}],"version-history":[{"count":4,"href":"http:\/\/www.sajoecseg.hu\/kozseg\/wp-json\/wp\/v2\/pages\/390\/revisions"}],"predecessor-version":[{"id":409,"href":"http:\/\/www.sajoecseg.hu\/kozseg\/wp-json\/wp\/v2\/pages\/390\/revisions\/409"}],"wp:attachment":[{"href":"http:\/\/www.sajoecseg.hu\/kozseg\/wp-json\/wp\/v2\/media?parent=390"}],"curies":[{"name":"wp","href":"https:\/\/api.w.org\/{rel}","templated":true}]}}