{"id":332,"date":"2020-04-14T08:24:22","date_gmt":"2020-04-14T08:24:22","guid":{"rendered":"http:\/\/www.sajoecseg.hu\/kozseg\/?page_id=332"},"modified":"2025-01-11T22:36:33","modified_gmt":"2025-01-11T20:36:33","slug":"hivatal","status":"publish","type":"page","link":"http:\/\/www.sajoecseg.hu\/kozseg\/hivatal\/","title":{"rendered":"Hivatal"},"content":{"rendered":"<p>[et_pb_section fb_built=&#8221;1&#8243; admin_label=&#8221;Hivatal&#8221; _builder_version=&#8221;4.16&#8243; global_colors_info=&#8221;{}&#8221;][et_pb_row column_structure=&#8221;1_3,2_3&#8243; use_custom_gutter=&#8221;on&#8221; gutter_width=&#8221;2&#8243; _builder_version=&#8221;4.16&#8243; custom_margin=&#8221;-1px|auto||auto||&#8221; custom_padding=&#8221;6px|||||&#8221; global_colors_info=&#8221;{}&#8221;][et_pb_column type=&#8221;1_3&#8243; _builder_version=&#8221;4.16&#8243; global_colors_info=&#8221;{}&#8221;][et_pb_image src=&#8221;http:\/\/www.sajoecseg.hu\/kozseg\/wp-content\/uploads\/2020\/04\/slide18.jpg&#8221; _builder_version=&#8221;4.16&#8243; width=&#8221;100%&#8221; min_height=&#8221;252px&#8221; custom_margin=&#8221;-1px|158px||||&#8221; custom_padding=&#8221;|0px|9px|0px||true&#8221; box_shadow_style=&#8221;preset2&#8243; box_shadow_horizontal=&#8221;36px&#8221; box_shadow_vertical=&#8221;36px&#8221; box_shadow_blur=&#8221;43px&#8221; box_shadow_color=&#8221;#c1c1c1&#8243; global_colors_info=&#8221;{}&#8221;][\/et_pb_image][\/et_pb_column][et_pb_column type=&#8221;2_3&#8243; _builder_version=&#8221;4.16&#8243; global_colors_info=&#8221;{}&#8221;][et_pb_text _builder_version=&#8221;4.16&#8243; min_height=&#8221;14px&#8221; custom_margin=&#8221;|||35px||&#8221; global_colors_info=&#8221;{}&#8221;]<\/p>\n<h1><strong><em>Polg\u00e1rmesteri hivatal<\/em><\/strong><\/h1>\n<p><span style=\"font-size: small;\"><em>Sz\u00e9chenyi u. 27.<\/em><\/span><strong><em><\/em><\/strong><\/p>\n<h4><strong><u>\u00dcgyf\u00e9lfogad\u00e1si rendje<\/u><\/strong><\/h4>\n<p>H\u00e9tf\u0151 8:00-16:00 &#8211; Szerda 8:00-16:00 &#8211; Cs\u00fct\u00f6rt\u00f6k 8:00-16:00<\/p>\n<h4><strong><u>H\u00e1zip\u00e9nzt\u00e1ri kifizet\u00e9s<\/u><\/strong><\/h4>\n<p>H\u00e9tf\u0151 13:00-14:00 &#8211; Szerda 10:00-11:00\u00a0<\/p>\n<h4><strong><u> Polg\u00e1rmester fogad\u00f3\u00f3r\u00e1i<\/u><\/strong><\/h4>\n<p>Cs\u00fct\u00f6rt\u00f6k 8:00-12:00 &#8211; 13:00-16:00\u00a0<\/p>\n<h4><strong><u> Jegyz\u0151 fogad\u00f3\u00f3r\u00e1i<\/u><\/strong><\/h4>\n<p>Cs\u00fct\u00f6rt\u00f6k 8:00-12:00 &#8211; 13:00-16:00<\/p>\n<p>[\/et_pb_text][\/et_pb_column][\/et_pb_row][\/et_pb_section]<\/p>\n","protected":false},"excerpt":{"rendered":"<p>Polg\u00e1rmesteri hivatal Sz\u00e9chenyi u. 27. \u00dcgyf\u00e9lfogad\u00e1si rendje H\u00e9tf\u0151 8:00-16:00 &#8211; Szerda 8:00-16:00 &#8211; Cs\u00fct\u00f6rt\u00f6k 8:00-16:00 H\u00e1zip\u00e9nzt\u00e1ri kifizet\u00e9s H\u00e9tf\u0151 13:00-14:00 &#8211; Szerda 10:00-11:00\u00a0 Polg\u00e1rmester fogad\u00f3\u00f3r\u00e1i Cs\u00fct\u00f6rt\u00f6k 8:00-12:00 &#8211; 13:00-16:00\u00a0 Jegyz\u0151 fogad\u00f3\u00f3r\u00e1i Cs\u00fct\u00f6rt\u00f6k 8:00-12:00 &#8211; 13:00-16:00<\/p>\n","protected":false},"author":1,"featured_media":0,"parent":0,"menu_order":0,"comment_status":"closed","ping_status":"closed","template":"","meta":{"_et_pb_use_builder":"on","_et_pb_old_content":"","_et_gb_content_width":"","footnotes":""},"class_list":["post-332","page","type-page","status-publish","hentry"],"_links":{"self":[{"href":"http:\/\/www.sajoecseg.hu\/kozseg\/wp-json\/wp\/v2\/pages\/332","targetHints":{"allow":["GET"]}}],"collection":[{"href":"http:\/\/www.sajoecseg.hu\/kozseg\/wp-json\/wp\/v2\/pages"}],"about":[{"href":"http:\/\/www.sajoecseg.hu\/kozseg\/wp-json\/wp\/v2\/types\/page"}],"author":[{"embeddable":true,"href":"http:\/\/www.sajoecseg.hu\/kozseg\/wp-json\/wp\/v2\/users\/1"}],"replies":[{"embeddable":true,"href":"http:\/\/www.sajoecseg.hu\/kozseg\/wp-json\/wp\/v2\/comments?post=332"}],"version-history":[{"count":5,"href":"http:\/\/www.sajoecseg.hu\/kozseg\/wp-json\/wp\/v2\/pages\/332\/revisions"}],"predecessor-version":[{"id":2456,"href":"http:\/\/www.sajoecseg.hu\/kozseg\/wp-json\/wp\/v2\/pages\/332\/revisions\/2456"}],"wp:attachment":[{"href":"http:\/\/www.sajoecseg.hu\/kozseg\/wp-json\/wp\/v2\/media?parent=332"}],"curies":[{"name":"wp","href":"https:\/\/api.w.org\/{rel}","templated":true}]}}