{"id":251,"date":"2020-04-13T09:50:42","date_gmt":"2020-04-13T09:50:42","guid":{"rendered":"http:\/\/www.sajoecseg.hu\/kozseg\/?page_id=251"},"modified":"2020-04-13T09:52:16","modified_gmt":"2020-04-13T09:52:16","slug":"251-2","status":"publish","type":"page","link":"http:\/\/www.sajoecseg.hu\/kozseg\/251-2\/","title":{"rendered":"K\u00f6zigazgat\u00e1si adatok"},"content":{"rendered":"<p>[et_pb_section fb_built=&#8221;1&#8243; _builder_version=&#8221;4.4.3&#8243; min_height=&#8221;575px&#8221; custom_padding=&#8221;0px||6px|||&#8221;][et_pb_row _builder_version=&#8221;4.4.3&#8243;][et_pb_column type=&#8221;4_4&#8243; _builder_version=&#8221;4.4.3&#8243;][et_pb_text _builder_version=&#8221;4.4.3&#8243;]<\/p>\n<h1>K\u00f6zigazgat\u00e1si adatok<\/h1>\n<p>[\/et_pb_text][\/et_pb_column][\/et_pb_row][et_pb_row column_structure=&#8221;2_5,3_5&#8243; _builder_version=&#8221;4.4.3&#8243; min_height=&#8221;476px&#8221; custom_padding=&#8221;4px||0px|||&#8221;][et_pb_column type=&#8221;2_5&#8243; _builder_version=&#8221;4.4.3&#8243;][et_pb_image src=&#8221;http:\/\/www.sajoecseg.hu\/kozseg\/wp-content\/uploads\/2020\/04\/Ashampoo_Snap_2020.-\u00e1prilis-3.-p\u00e9ntek_19h05m08s_001_.png&#8221; _builder_version=&#8221;4.4.3&#8243;][\/et_pb_image][\/et_pb_column][et_pb_column type=&#8221;3_5&#8243; _builder_version=&#8221;4.4.3&#8243;][et_pb_text _builder_version=&#8221;4.4.3&#8243;]<\/p>\n<table>\n<tbody>\n<tr>\n<td>Ter\u00fclet<\/td>\n<td>Adat<\/td>\n<td><\/td>\n<\/tr>\n<tr>\n<td>Orsz\u00e1g<\/td>\n<td>Magyarorsz\u00e1g<\/td>\n<td><\/td>\n<\/tr>\n<tr>\n<td>R\u00e9gi\u00f3<\/td>\n<td>\u00c9szak-Magyarorsz\u00e1g<\/td>\n<td><\/td>\n<\/tr>\n<tr>\n<td>Megye<\/td>\n<td>Borsod-Aba\u00faj-Zempl\u00e9n<\/td>\n<td><\/td>\n<\/tr>\n<tr>\n<td>J\u00e1r\u00e1s, kist\u00e9rs\u00e9g<\/td>\n<td>Miskolc<\/td>\n<td><\/td>\n<\/tr>\n<tr>\n<td>Jog\u00e1ll\u00e1s<\/td>\n<td>K\u00f6zs\u00e9g<\/td>\n<td><\/td>\n<\/tr>\n<tr>\n<td>Polg\u00e1rmester<\/td>\n<td>Inklovics L\u00e1szl\u00f3<\/td>\n<td><\/td>\n<\/tr>\n<tr>\n<td>Alpolg\u00e1rmester<\/td>\n<td>Kalina Gabriella<\/td>\n<td><\/td>\n<\/tr>\n<tr>\n<td>K\u00e9pvisel\u0151k<\/td>\n<td>Bodb\u00e1r L\u00e1szl\u00f3<br \/>Gyurk\u00f3 Attila<br \/>Petrovics Ferenc<br \/>P\u00e1lfin\u00e9 S\u00e1rosi Andrea<br \/>Sz\u00e1raz Levente<\/td>\n<td><\/td>\n<\/tr>\n<\/tbody>\n<\/table>\n<p>&nbsp;<\/p>\n<p>[\/et_pb_text][\/et_pb_column][\/et_pb_row][\/et_pb_section][et_pb_section fb_built=&#8221;1&#8243; admin_label=&#8221;Szakasz&#8221; _builder_version=&#8221;4.4.3&#8243;][et_pb_row _builder_version=&#8221;4.4.3&#8243;][et_pb_column type=&#8221;4_4&#8243; _builder_version=&#8221;4.4.3&#8243;][et_pb_text _builder_version=&#8221;4.4.3&#8243;]<\/p>\n<table>\n<tbody>\n<tr>\n<td><em>Postai ir\u00e1ny\u00edt\u00f3sz\u00e1m<\/em><\/td>\n<td>3793.<\/td>\n<td>K\u00f6rzetsz\u00e1m<\/td>\n<td>46<\/td>\n<\/tr>\n<tr>\n<td><em>N\u00e9pess\u00e9g<\/em><\/td>\n<td><em>1065 f\u0151 (2014. jan 1.)<\/em><\/td>\n<td><em>N\u00e9ps\u0171r\u0171s\u00e9g<\/em><\/td>\n<td><em>126,82 f\u0151\/km\u00b2<\/em><\/td>\n<\/tr>\n<tr>\n<td><em>Ter\u00fclet<\/em><\/td>\n<td><em>7,94 km\u00b2<\/em><\/td>\n<td><em><\/em><\/td>\n<td><em><\/em><\/td>\n<\/tr>\n<tr>\n<td><em><\/em><em>F\u00f6ldrajzi koordin\u00e1t\u00e1k<\/em><\/td>\n<td><em>48.192030, 20.774989<\/em><\/td>\n<td><em>Id\u0151z\u00f3na<\/em><\/td>\n<td><em><\/em><em>K\u00f6z\u00e9p-Eur\u00f3pai id\u0151 (Greenwich-i f\u0151id\u0151 + 1 \u00f3ra)<\/em><\/td>\n<\/tr>\n<\/tbody>\n<\/table>\n<p>[\/et_pb_text][\/et_pb_column][\/et_pb_row][\/et_pb_section]<\/p>\n","protected":false},"excerpt":{"rendered":"<p>K\u00f6zigazgat\u00e1si adatok Ter\u00fclet Adat Orsz\u00e1g Magyarorsz\u00e1g R\u00e9gi\u00f3 \u00c9szak-Magyarorsz\u00e1g Megye Borsod-Aba\u00faj-Zempl\u00e9n J\u00e1r\u00e1s, kist\u00e9rs\u00e9g Miskolc Jog\u00e1ll\u00e1s K\u00f6zs\u00e9g Polg\u00e1rmester Inklovics L\u00e1szl\u00f3 Alpolg\u00e1rmester Kalina Gabriella K\u00e9pvisel\u0151k Bodb\u00e1r L\u00e1szl\u00f3Gyurk\u00f3 AttilaPetrovics FerencP\u00e1lfin\u00e9 S\u00e1rosi AndreaSz\u00e1raz Levente &nbsp; Postai ir\u00e1ny\u00edt\u00f3sz\u00e1m 3793. K\u00f6rzetsz\u00e1m 46 N\u00e9pess\u00e9g 1065 f\u0151 (2014. jan 1.) N\u00e9ps\u0171r\u0171s\u00e9g 126,82 f\u0151\/km\u00b2 Ter\u00fclet 7,94 km\u00b2 F\u00f6ldrajzi koordin\u00e1t\u00e1k 48.192030, 20.774989 Id\u0151z\u00f3na K\u00f6z\u00e9p-Eur\u00f3pai id\u0151 (Greenwich-i [&hellip;]<\/p>\n","protected":false},"author":1,"featured_media":0,"parent":0,"menu_order":0,"comment_status":"closed","ping_status":"closed","template":"","meta":{"_et_pb_use_builder":"on","_et_pb_old_content":"","_et_gb_content_width":"","footnotes":""},"class_list":["post-251","page","type-page","status-publish","hentry"],"_links":{"self":[{"href":"http:\/\/www.sajoecseg.hu\/kozseg\/wp-json\/wp\/v2\/pages\/251","targetHints":{"allow":["GET"]}}],"collection":[{"href":"http:\/\/www.sajoecseg.hu\/kozseg\/wp-json\/wp\/v2\/pages"}],"about":[{"href":"http:\/\/www.sajoecseg.hu\/kozseg\/wp-json\/wp\/v2\/types\/page"}],"author":[{"embeddable":true,"href":"http:\/\/www.sajoecseg.hu\/kozseg\/wp-json\/wp\/v2\/users\/1"}],"replies":[{"embeddable":true,"href":"http:\/\/www.sajoecseg.hu\/kozseg\/wp-json\/wp\/v2\/comments?post=251"}],"version-history":[{"count":5,"href":"http:\/\/www.sajoecseg.hu\/kozseg\/wp-json\/wp\/v2\/pages\/251\/revisions"}],"predecessor-version":[{"id":259,"href":"http:\/\/www.sajoecseg.hu\/kozseg\/wp-json\/wp\/v2\/pages\/251\/revisions\/259"}],"wp:attachment":[{"href":"http:\/\/www.sajoecseg.hu\/kozseg\/wp-json\/wp\/v2\/media?parent=251"}],"curies":[{"name":"wp","href":"https:\/\/api.w.org\/{rel}","templated":true}]}}